{"id":178,"date":"2022-11-01T20:52:48","date_gmt":"2022-11-01T19:52:48","guid":{"rendered":"https:\/\/www.fika.si\/delo\/?page_id=178"},"modified":"2023-03-11T15:30:50","modified_gmt":"2023-03-11T14:30:50","slug":"administracija","status":"publish","type":"page","link":"https:\/\/www.fika.si\/delo\/administracija\/","title":{"rendered":"Administracija"},"content":{"rendered":"\r\n<h2 id=\"inspiro-is-a-digital-product-agency-that-focuses-on-strategy-and-design\" class=\"has-large-font-size pomanjsaj2 wp-block-heading\" style=\"font-style: normal; font-weight: 100; text-align: center;\"><strong>Priprava dokumentov za oddajo ra\u010dunovodstvu (izdani in prejet ra\u010duni, podatki za obra\u010dun pla\u010d, urejanje potnih nalogov)<\/strong><\/h2>\r\n\r\n\r\n\r\n<div class=\"wp-block-spacer\" style=\"height: 20px;\" aria-hidden=\"true\">\u00a0<\/div>\r\n\r\n\r\n\r\n<div class=\"wp-block-columns alignwide is-layout-flex wp-container-core-columns-is-layout-9d6595d7 wp-block-columns-is-layout-flex\">\r\n<div class=\"wp-block-column is-layout-flow wp-block-column-is-layout-flow\">\r\n\r\n\r\n<h3 class=\"has-black-color has-text-color has-medium-font-size mednaslov\">Urejena administracija poenostavlja poslovanje<\/h3>\r\n\r\n\r\n Administracija si s pomo\u010djo na\u010drtovanja, organizacije in pametnega izvajanja v podjetju prizadeva k u\u010dinkovitej\u0161emu doseganju ciljev ter pove\u010danju u\u010dinkovitosti. S pomo\u010djo pri pripravi nujnih dokumentov boste razbremenili sebe in va\u0161 ra\u010dunovodski servis. <\/div>\r\n\r\n\r\n\r\n<div class=\"wp-block-column is-layout-flow wp-block-column-is-layout-flow\">\r\n\r\n\r\n<h3 class=\"has-black-color has-text-color has-medium-font-size mednaslov\">Ra\u010dunovodstvo zahteva urejene dokumente<\/h3>\r\n\r\n\r\n\r\n<p class=\"has-text-color\" style=\"color: #7a7a7a;\"><span style=\"color: #000000;\">Ra\u010dunovodstvo praviloma vselej zahteva skrbno urejene dokumente, ki jih moramo dostaviti do dolo\u010denega datuma. Izgubljeni ra\u010duni, pome\u0161ane zaporedne \u0161tevilke in neurejeni potni nalogi so no\u010dna mora mnogih podjetij. Jaz pa v organiziranju izjemno u\u017eivam. Napi\u0161em izdane ra\u010dune. Poskeniram prejete ra\u010dune. Vse vnesem v evidenco in pravo\u010dasno opomnim na zaklju\u010dek obra\u010dunskega obdobja.<\/span><\/p>\r\n<\/div>\r\n<\/div>\r\n\r\n<p>&nbsp;<\/p>\r\n\r\n<div class=\"wp-block-cover alignfull has-background-dim-40 has-black-background-color has-background-dim has-parallax is-position-center-center margin20\" style=\"background-image: url('https:\/\/www.fika.si\/delo\/wp-content\/uploads\/kontakt_fika2.webp'); min-height: 575px;\">\r\n<div class=\"wp-block-cover__inner-container is-layout-flow wp-block-cover-is-layout-flow\">\r\n<p class=\"has-text-align-center has-text-color has-huge-font-size\" style=\"color: #fffffa; line-height: 1.1;\"><strong>Kako najhitreje do mene?<\/strong><\/p>\r\n\r\n\r\n\r\n<p class=\"has-text-align-center\" style=\"color: #ffffff;\">Pokli\u010dite me, vse bomo uredili. <br \/><span style=\"color: #ffffff;\"><strong><a style=\"color: #ffffff;\" href=\"tel:+38631837451\">031 83 74 51<\/a><\/strong><\/span><\/p>\r\n\r\n\r\n\r\n<div class=\"wp-block-spacer\" style=\"height: 39px;\" aria-hidden=\"true\">\u00a0<\/div>\r\n\r\n\r\n\r\n<div class=\"wp-block-buttons is-content-justification-center is-layout-flex wp-block-buttons-is-layout-flex\">\r\n<div class=\"wp-block-button is-style-outline is-style-outline--1\"><a class=\"wp-block-button__link has-white-color has-text-color violica no-border-radius\" href=\"tel:+38631837451\">kontakt<\/a><\/div>\r\n<\/div>\r\n<\/div>\r\n<\/div>\r\n","protected":false},"excerpt":{"rendered":"<p>Priprava dokumentov za oddajo ra\u010dunovodstvu (izdani in prejet ra\u010duni, podatki za obra\u010dun pla\u010d, urejanje potnih nalogov) Urejena administracija poenostavlja poslovanje Administracija si s pomo\u010djo na\u010drtovanja, organizacije in pametnega izvajanja v podjetju prizadeva k u\u010dinkovitej\u0161emu doseganju ciljev ter pove\u010danju u\u010dinkovitosti. S pomo\u010djo pri pripravi nujnih dokumentov boste razbremenili sebe in va\u0161 ra\u010dunovodski servis. Ra\u010dunovodstvo zahteva urejene &hellip; <\/p>\n<p class=\"link-more\"><a href=\"https:\/\/www.fika.si\/delo\/administracija\/\" class=\"more-link\">Preberi ve\u010d <span class=\"screen-reader-text\"> &#8220;Administracija&#8221;<\/span><\/a><\/p>\n","protected":false},"author":1,"featured_media":229,"parent":0,"menu_order":0,"comment_status":"closed","ping_status":"closed","template":"","meta":{"footnotes":""},"class_list":["post-178","page","type-page","status-publish","has-post-thumbnail","hentry"],"_links":{"self":[{"href":"https:\/\/www.fika.si\/delo\/wp-json\/wp\/v2\/pages\/178","targetHints":{"allow":["GET"]}}],"collection":[{"href":"https:\/\/www.fika.si\/delo\/wp-json\/wp\/v2\/pages"}],"about":[{"href":"https:\/\/www.fika.si\/delo\/wp-json\/wp\/v2\/types\/page"}],"author":[{"embeddable":true,"href":"https:\/\/www.fika.si\/delo\/wp-json\/wp\/v2\/users\/1"}],"replies":[{"embeddable":true,"href":"https:\/\/www.fika.si\/delo\/wp-json\/wp\/v2\/comments?post=178"}],"version-history":[{"count":8,"href":"https:\/\/www.fika.si\/delo\/wp-json\/wp\/v2\/pages\/178\/revisions"}],"predecessor-version":[{"id":516,"href":"https:\/\/www.fika.si\/delo\/wp-json\/wp\/v2\/pages\/178\/revisions\/516"}],"wp:featuredmedia":[{"embeddable":true,"href":"https:\/\/www.fika.si\/delo\/wp-json\/wp\/v2\/media\/229"}],"wp:attachment":[{"href":"https:\/\/www.fika.si\/delo\/wp-json\/wp\/v2\/media?parent=178"}],"curies":[{"name":"wp","href":"https:\/\/api.w.org\/{rel}","templated":true}]}}